{"id":853,"date":"2025-04-17T22:51:13","date_gmt":"2025-04-17T22:51:13","guid":{"rendered":"https:\/\/wi-ndk.de\/?page_id=853"},"modified":"2025-07-25T11:47:14","modified_gmt":"2025-07-25T11:47:14","slug":"ralf-spickenbaum-2","status":"publish","type":"page","link":"https:\/\/wi-ndk.de\/?page_id=853","title":{"rendered":"Ralf Spickenbaum"},"content":{"rendered":"\t\t<div data-elementor-type=\"wp-page\" data-elementor-id=\"853\" class=\"elementor elementor-853\">\n\t\t\t\t<div class=\"elementor-element elementor-element-306b38f e-flex e-con-boxed e-con e-parent\" data-id=\"306b38f\" data-element_type=\"container\" data-e-type=\"container\">\n\t\t\t\t\t<div class=\"e-con-inner\">\n\t\t<div class=\"elementor-element elementor-element-c5b63c1 e-con-full e-flex e-con e-child\" data-id=\"c5b63c1\" data-element_type=\"container\" data-e-type=\"container\">\n\t\t\t\t<div class=\"elementor-element elementor-element-eda974d elementor-widget elementor-widget-image\" data-id=\"eda974d\" data-element_type=\"widget\" data-e-type=\"widget\" data-widget_type=\"image.default\">\n\t\t\t\t<div class=\"elementor-widget-container\">\n\t\t\t\t\t\t\t\t\t\t\t\t\t\t\t<img fetchpriority=\"high\" decoding=\"async\" width=\"200\" height=\"300\" src=\"https:\/\/wi-ndk.de\/wp-content\/uploads\/2025\/07\/RSpickenbaum-200x300.png\" class=\"attachment-medium size-medium wp-image-1229\" alt=\"\" srcset=\"https:\/\/wi-ndk.de\/wp-content\/uploads\/2025\/07\/RSpickenbaum-200x300.png 200w, https:\/\/wi-ndk.de\/wp-content\/uploads\/2025\/07\/RSpickenbaum.png 360w\" sizes=\"(max-width: 200px) 100vw, 200px\" \/>\t\t\t\t\t\t\t\t\t\t\t\t\t\t\t<\/div>\n\t\t\t\t<\/div>\n\t\t\t\t<div class=\"elementor-element elementor-element-45c0ae9 elementor-widget elementor-widget-text-editor\" data-id=\"45c0ae9\" data-element_type=\"widget\" data-e-type=\"widget\" data-widget_type=\"text-editor.default\">\n\t\t\t\t<div class=\"elementor-widget-container\">\n\t\t\t\t\t\t\t\t\t<h1 style=\"text-align: center;\">Ralf Spickenbaum<\/h1><hr \/><h3 style=\"text-align: center;\">Niederkassel-Ort<\/h3>\t\t\t\t\t\t\t\t<\/div>\n\t\t\t\t<\/div>\n\t\t\t\t<\/div>\n\t\t<div class=\"elementor-element elementor-element-2c0c57b e-con-full e-flex e-con e-child\" data-id=\"2c0c57b\" data-element_type=\"container\" data-e-type=\"container\">\n\t\t\t\t<div class=\"elementor-element elementor-element-cb667e6 elementor-widget elementor-widget-text-editor\" data-id=\"cb667e6\" data-element_type=\"widget\" data-e-type=\"widget\" data-widget_type=\"text-editor.default\">\n\t\t\t\t<div class=\"elementor-widget-container\">\n\t\t\t\t\t\t\t\t\t<p><span style=\"color: #000000;\">Mein Name ist Ralf Spickenbaum.\u00a0Gemeinsam mit meiner Ehefrau und unserer Tochter lebe ich seit vielen Jahren in Niederkassel-Ort \u2013 hier sind wir zu Hause.<\/span><\/p><p><br \/><span style=\"color: #000000;\">Ich wurde 1975 in Bonn geboren und habe Mechatronik als Diplomstudiengang in Darmstadt studiert. Heute arbeite ich als leitender Angestellter und leite ein Team aus engagierten Ingenieuren und Technikern. Meine langj\u00e4hrige Berufs- und Auslandserfahrung hat mich nicht nur fachlich, sondern auch in meiner F\u00fchrungskompetenz nachhaltig gepr\u00e4gt.<\/span><br \/><span style=\"color: #000000;\">In meiner Freizeit reise ich gerne und genie\u00dfe den Austausch mit anderen Kulturen \u2013 er erweitert meinen Blick auf die Welt und inspiriert mich immer wieder neu.<\/span><\/p><p><br \/><span style=\"color: #000000;\">Die zunehmende Politikverdrossenheit in unserer Stadt, ausgel\u00f6st durch intransparente oder fragw\u00fcrdige Entscheidungen von Rat und Verwaltung, erf\u00fcllt mich mit Sorge. Deshalb habe ich im April 2024 die W\u00e4hlerinitiative Niederkassel (WIN) mitgegr\u00fcndet. Besonders wichtig sind mir Transparenz und Offenheit bei Entscheidungen.<\/span><br \/><span style=\"color: #000000;\">Mein Ziel ist klar: eine solide finanzielle Basis f\u00fcr unsere Stadt schaffen \u2013 durch wirtschaftliches Denken, strukturiertes Handeln und eine enge, konstruktive Zusammenarbeit mit einer effizienten Verwaltung, dem Stadtrat sowie insbesondere den B\u00fcrgerinnen und B\u00fcrgern.<\/span><\/p><p><br \/><span style=\"color: #000000;\">Ich bin \u00fcberzeugt: Niederkassel kann mehr \u2013 und wir alle k\u00f6nnen dazu beitragen, dass unsere Stadt ein Ort bleibt (oder wird), in dem wir gerne leben und unsere Familien sich zu Hause f\u00fchlen.<\/span><br \/><span style=\"color: #000000;\">Daf\u00fcr setze ich mich mit ganzer Kraft und Leidenschaft ein.<\/span><\/p>\t\t\t\t\t\t\t\t<\/div>\n\t\t\t\t<\/div>\n\t\t\t\t<\/div>\n\t\t\t\t\t<\/div>\n\t\t\t\t<\/div>\n\t\t\t\t<\/div>\n\t\t","protected":false},"excerpt":{"rendered":"<p>Ralf Spickenbaum Niederkassel-Ort Mein Name ist Ralf Spickenbaum.\u00a0Gemeinsam mit meiner Ehefrau und unserer Tochter lebe ich seit vielen Jahren in Niederkassel-Ort \u2013 hier sind wir zu Hause. Ich wurde 1975 [&hellip;]<\/p>\n","protected":false},"author":1,"featured_media":0,"parent":0,"menu_order":0,"comment_status":"closed","ping_status":"closed","template":"","meta":{"ocean_post_layout":"full-screen","ocean_both_sidebars_style":"","ocean_both_sidebars_content_width":0,"ocean_both_sidebars_sidebars_width":0,"ocean_sidebar":"","ocean_second_sidebar":"","ocean_disable_margins":"enable","ocean_add_body_class":"","ocean_shortcode_before_top_bar":"","ocean_shortcode_after_top_bar":"","ocean_shortcode_before_header":"","ocean_shortcode_after_header":"","ocean_has_shortcode":"","ocean_shortcode_after_title":"","ocean_shortcode_before_footer_widgets":"","ocean_shortcode_after_footer_widgets":"","ocean_shortcode_before_footer_bottom":"","ocean_shortcode_after_footer_bottom":"","ocean_display_top_bar":"off","ocean_display_header":"default","ocean_header_style":"","ocean_center_header_left_menu":"","ocean_custom_header_template":"","ocean_custom_logo":0,"ocean_custom_retina_logo":0,"ocean_custom_logo_max_width":0,"ocean_custom_logo_tablet_max_width":0,"ocean_custom_logo_mobile_max_width":0,"ocean_custom_logo_max_height":0,"ocean_custom_logo_tablet_max_height":0,"ocean_custom_logo_mobile_max_height":0,"ocean_header_custom_menu":"","ocean_menu_typo_font_family":"","ocean_menu_typo_font_subset":"","ocean_menu_typo_font_size":0,"ocean_menu_typo_font_size_tablet":0,"ocean_menu_typo_font_size_mobile":0,"ocean_menu_typo_font_size_unit":"px","ocean_menu_typo_font_weight":"","ocean_menu_typo_font_weight_tablet":"","ocean_menu_typo_font_weight_mobile":"","ocean_menu_typo_transform":"","ocean_menu_typo_transform_tablet":"","ocean_menu_typo_transform_mobile":"","ocean_menu_typo_line_height":0,"ocean_menu_typo_line_height_tablet":0,"ocean_menu_typo_line_height_mobile":0,"ocean_menu_typo_line_height_unit":"","ocean_menu_typo_spacing":0,"ocean_menu_typo_spacing_tablet":0,"ocean_menu_typo_spacing_mobile":0,"ocean_menu_typo_spacing_unit":"","ocean_menu_link_color":"","ocean_menu_link_color_hover":"","ocean_menu_link_color_active":"","ocean_menu_link_background":"","ocean_menu_link_hover_background":"","ocean_menu_link_active_background":"","ocean_menu_social_links_bg":"","ocean_menu_social_hover_links_bg":"","ocean_menu_social_links_color":"","ocean_menu_social_hover_links_color":"","ocean_disable_title":"on","ocean_disable_heading":"default","ocean_post_title":"","ocean_post_subheading":"","ocean_post_title_style":"","ocean_post_title_background_color":"","ocean_post_title_background":0,"ocean_post_title_bg_image_position":"","ocean_post_title_bg_image_attachment":"","ocean_post_title_bg_image_repeat":"","ocean_post_title_bg_image_size":"","ocean_post_title_height":0,"ocean_post_title_bg_overlay":0.5,"ocean_post_title_bg_overlay_color":"","ocean_disable_breadcrumbs":"default","ocean_breadcrumbs_color":"","ocean_breadcrumbs_separator_color":"","ocean_breadcrumbs_links_color":"","ocean_breadcrumbs_links_hover_color":"","ocean_display_footer_widgets":"off","ocean_display_footer_bottom":"default","ocean_custom_footer_template":"","footnotes":""},"categories":[],"tags":[],"class_list":["post-853","page","type-page","status-publish","hentry","entry"],"_links":{"self":[{"href":"https:\/\/wi-ndk.de\/index.php?rest_route=\/wp\/v2\/pages\/853","targetHints":{"allow":["GET"]}}],"collection":[{"href":"https:\/\/wi-ndk.de\/index.php?rest_route=\/wp\/v2\/pages"}],"about":[{"href":"https:\/\/wi-ndk.de\/index.php?rest_route=\/wp\/v2\/types\/page"}],"author":[{"embeddable":true,"href":"https:\/\/wi-ndk.de\/index.php?rest_route=\/wp\/v2\/users\/1"}],"replies":[{"embeddable":true,"href":"https:\/\/wi-ndk.de\/index.php?rest_route=%2Fwp%2Fv2%2Fcomments&post=853"}],"version-history":[{"count":10,"href":"https:\/\/wi-ndk.de\/index.php?rest_route=\/wp\/v2\/pages\/853\/revisions"}],"predecessor-version":[{"id":1232,"href":"https:\/\/wi-ndk.de\/index.php?rest_route=\/wp\/v2\/pages\/853\/revisions\/1232"}],"wp:attachment":[{"href":"https:\/\/wi-ndk.de\/index.php?rest_route=%2Fwp%2Fv2%2Fmedia&parent=853"}],"wp:term":[{"taxonomy":"category","embeddable":true,"href":"https:\/\/wi-ndk.de\/index.php?rest_route=%2Fwp%2Fv2%2Fcategories&post=853"},{"taxonomy":"post_tag","embeddable":true,"href":"https:\/\/wi-ndk.de\/index.php?rest_route=%2Fwp%2Fv2%2Ftags&post=853"}],"curies":[{"name":"wp","href":"https:\/\/api.w.org\/{rel}","templated":true}]}}