{"id":2226,"date":"2026-03-20T10:54:02","date_gmt":"2026-03-20T10:54:02","guid":{"rendered":"https:\/\/wi-ndk.de\/?page_id=2226"},"modified":"2026-03-20T11:18:03","modified_gmt":"2026-03-20T11:18:03","slug":"fraktion-spickenbaum","status":"publish","type":"page","link":"https:\/\/wi-ndk.de\/?page_id=2226","title":{"rendered":"Fraktion-Spickenbaum"},"content":{"rendered":"\t\t<div data-elementor-type=\"wp-page\" data-elementor-id=\"2226\" class=\"elementor elementor-2226\">\n\t\t\t\t<div class=\"elementor-element elementor-element-4ccd6df e-flex e-con-boxed e-con e-parent\" data-id=\"4ccd6df\" data-element_type=\"container\" data-e-type=\"container\">\n\t\t\t\t\t<div class=\"e-con-inner\">\n\t\t<div class=\"elementor-element elementor-element-27a483c e-con-full e-flex e-con e-child\" data-id=\"27a483c\" data-element_type=\"container\" data-e-type=\"container\">\n\t\t\t\t<div class=\"elementor-element elementor-element-1698400 elementor-widget elementor-widget-image\" data-id=\"1698400\" data-element_type=\"widget\" data-e-type=\"widget\" data-widget_type=\"image.default\">\n\t\t\t\t<div class=\"elementor-widget-container\">\n\t\t\t\t\t\t\t\t\t\t\t\t\t\t\t<img fetchpriority=\"high\" decoding=\"async\" width=\"225\" height=\"300\" src=\"https:\/\/wi-ndk.de\/wp-content\/uploads\/2025\/11\/Win6-9-225x300.jpg\" class=\"attachment-medium size-medium wp-image-2000\" alt=\"\" srcset=\"https:\/\/wi-ndk.de\/wp-content\/uploads\/2025\/11\/Win6-9-225x300.jpg 225w, https:\/\/wi-ndk.de\/wp-content\/uploads\/2025\/11\/Win6-9-768x1024.jpg 768w, https:\/\/wi-ndk.de\/wp-content\/uploads\/2025\/11\/Win6-9-1152x1536.jpg 1152w, https:\/\/wi-ndk.de\/wp-content\/uploads\/2025\/11\/Win6-9-1535x2048.jpg 1535w, https:\/\/wi-ndk.de\/wp-content\/uploads\/2025\/11\/Win6-9-scaled.jpg 1919w\" sizes=\"(max-width: 225px) 100vw, 225px\" \/>\t\t\t\t\t\t\t\t\t\t\t\t\t\t\t<\/div>\n\t\t\t\t<\/div>\n\t\t\t\t<div class=\"elementor-element elementor-element-17b34dd elementor-widget elementor-widget-text-editor\" data-id=\"17b34dd\" data-element_type=\"widget\" data-e-type=\"widget\" data-widget_type=\"text-editor.default\">\n\t\t\t\t<div class=\"elementor-widget-container\">\n\t\t\t\t\t\t\t\t\t<h1 style=\"text-align: center;\">Ralf Spickenbaum<\/h1><hr \/><p style=\"text-align: center;\">Ratsmitglied und Fraktionsvorsitzender f\u00fcr die WIN<\/p><p style=\"text-align: center;\">Wahlkreis 80 &#8211; Niederkassel<\/p><p style=\"text-align: center;\">Mandat: Direktmandat<\/p><p style=\"text-align: center;\">Im Rat seit: 2025<\/p>\t\t\t\t\t\t\t\t<\/div>\n\t\t\t\t<\/div>\n\t\t\t\t<\/div>\n\t\t<div class=\"elementor-element elementor-element-c4e7ec0 e-con-full e-flex e-con e-child\" data-id=\"c4e7ec0\" data-element_type=\"container\" data-e-type=\"container\">\n\t\t\t\t<div class=\"elementor-element elementor-element-4c03575 elementor-widget elementor-widget-text-editor\" data-id=\"4c03575\" data-element_type=\"widget\" data-e-type=\"widget\" data-widget_type=\"text-editor.default\">\n\t\t\t\t<div class=\"elementor-widget-container\">\n\t\t\t\t\t\t\t\t\t<p class=\"MsoNormal\">Geboren wurde ich&nbsp;1975 in Bonn, bin&nbsp;verheiratet\nund Vater einer Tochter.&nbsp; Ich lebe seit vielen Jahren in Niederkassel und\nm\u00f6chte mich daf\u00fcr einsetzen, dass meine Familie und ich sowie alle B\u00fcrgerinnen\nund B\u00fcrger hier ein sch\u00f6nes und lebenswertes Umfeld haben.<o:p><\/o:p><\/p><h2>Mitglied in folgenden Aussch\u00fcssen:<o:p><\/o:p><\/h2><p class=\"MsoNormal\" style=\"margin-left:18.0pt;text-indent:-18.0pt;mso-list:l0 level1 lfo1;\ntab-stops:list 18.0pt\"><!--[if !supportLists]--><span style=\"font-size:10.0pt;\nmso-bidi-font-size:12.0pt;line-height:115%;font-family:Symbol;mso-fareast-font-family:\nSymbol;mso-bidi-font-family:Symbol\">\u00b7<span style=\"font:7.0pt &quot;Times New Roman&quot;\">&nbsp;&nbsp;&nbsp;&nbsp;&nbsp;&nbsp;&nbsp;&nbsp;\n<\/span><\/span><!--[endif]-->Ausschuss f\u00fcr Bauen und Verkehr (Sprecher)<o:p><\/o:p><\/p><p class=\"MsoNormal\" style=\"margin-left:18.0pt;text-indent:-18.0pt;mso-list:l0 level1 lfo1;\ntab-stops:list 18.0pt\"><!--[if !supportLists]--><span style=\"font-size:10.0pt;\nmso-bidi-font-size:12.0pt;line-height:115%;font-family:Symbol;mso-fareast-font-family:\nSymbol;mso-bidi-font-family:Symbol\">\u00b7<span style=\"font:7.0pt &quot;Times New Roman&quot;\">&nbsp;&nbsp;&nbsp;&nbsp;&nbsp;&nbsp;&nbsp;&nbsp;\n<\/span><\/span><!--[endif]-->Ausschuss f\u00fcr Stadtentwicklung, Planung und\nUmwelt <o:p><\/o:p><\/p><p class=\"MsoNormal\" style=\"margin-left:18.0pt;text-indent:-18.0pt;mso-list:l0 level1 lfo1;\ntab-stops:list 18.0pt\"><!--[if !supportLists]--><span style=\"font-size:10.0pt;\nmso-bidi-font-size:12.0pt;line-height:115%;font-family:Symbol;mso-fareast-font-family:\nSymbol;mso-bidi-font-family:Symbol\">\u00b7<span style=\"font:7.0pt &quot;Times New Roman&quot;\">&nbsp;&nbsp;&nbsp;&nbsp;&nbsp;&nbsp;&nbsp;&nbsp;\n<\/span><\/span><!--[endif]-->Haupt-, Finanz- und Beschwerdeausschuss (Sprecher)<o:p><\/o:p><\/p><p class=\"MsoNormal\" style=\"margin-left:18.0pt;text-indent:-18.0pt;mso-list:l0 level1 lfo1;\ntab-stops:list 18.0pt\"><!--[if !supportLists]--><span style=\"font-size:10.0pt;\nmso-bidi-font-size:12.0pt;line-height:115%;font-family:Symbol;mso-fareast-font-family:\nSymbol;mso-bidi-font-family:Symbol\">\u00b7<span style=\"font:7.0pt &quot;Times New Roman&quot;\">&nbsp;&nbsp;&nbsp;&nbsp;&nbsp;&nbsp;&nbsp;&nbsp;\n<\/span><\/span><!--[endif]-->Wahlausschuss<o:p><\/o:p><\/p><p class=\"MsoNormal\" style=\"margin-left:18.0pt;text-indent:-18.0pt;mso-list:l0 level1 lfo1;\ntab-stops:list 18.0pt\"><!--[if !supportLists]--><span style=\"font-size:10.0pt;\nmso-bidi-font-size:12.0pt;line-height:115%;font-family:Symbol;mso-fareast-font-family:\nSymbol;mso-bidi-font-family:Symbol\">\u00b7<span style=\"font:7.0pt &quot;Times New Roman&quot;\">&nbsp;&nbsp;&nbsp;&nbsp;&nbsp;&nbsp;&nbsp;&nbsp;\n<\/span><\/span><!--[endif]-->Wahlpr\u00fcfungsausschuss (Sprecher)<o:p><\/o:p><\/p><p class=\"MsoNormal\"><o:p>&nbsp;<\/o:p><\/p><h2>Warum diese Aussch\u00fcsse?<o:p><\/o:p><\/h2><p class=\"MsoNormal\">Als Diplom Ingenieur (FH) mit langj\u00e4hriger Erfahrung als\nF\u00fchrungskraft und Projektleiter im In- und Ausland bringe ich vielf\u00e4ltige\nberufliche und pers\u00f6nliche Perspektiven mit. <br>\nIn meinen T\u00e4tigkeiten habe ich in unterschiedlichen Funktionen Verantwortung\n\u00fcbernommen, Teams gef\u00fchrt und komplexe Projekte begleitet. <br>\nDie Arbeit in verschiedenen L\u00e4ndern und Kulturen hat mir dabei einen breiten\nBlick auf wirtschaftliche, technische und gesellschaftliche Zusammenh\u00e4nge\nerm\u00f6glicht, der mir auch f\u00fcr diese Aufgaben zugutekommt.<o:p><\/o:p><\/p><p class=\"MsoNormal\"><o:p>&nbsp;<\/o:p><\/p><h2>Meine Motivation<o:p><\/o:p><\/h2><p>\n\n\n\n\n\n\n\n\n\n\n\n\n\n\n\n\n\n\n\n\n\n\n\n<\/p><p class=\"MsoNormal\">Mein Ziel ist es, nicht nur zu kritisieren, sondern aktiv\nund positiv zu gestalten. Trotz der schwierigen Ausgangslage, die sich \u00fcber\nviele Jahre entwickelt hat und f\u00fcr die wir als WIN keine Verantwortung tragen,\nm\u00f6chte ich konstruktiv an L\u00f6sungen arbeiten und damit das Vertrauen der\nW\u00e4hlerinnen und W\u00e4hler best\u00e4tigen. <br>\nGemeinsam k\u00f6nnen wir Fehler aus der Vergangenheit korrigieren, auch wenn das\nnicht leicht ist und mitunter schwierige Entscheidungen erfordert. Deshalb\nengagiere ich mich gerne in der WIN und im Stadtrat.<o:p><\/o:p><\/p>\t\t\t\t\t\t\t\t<\/div>\n\t\t\t\t<\/div>\n\t\t\t\t<\/div>\n\t\t\t\t\t<\/div>\n\t\t\t\t<\/div>\n\t\t\t\t<\/div>\n\t\t","protected":false},"excerpt":{"rendered":"<p>Ralf Spickenbaum Ratsmitglied und Fraktionsvorsitzender f\u00fcr die WIN Wahlkreis 80 &#8211; Niederkassel Mandat: Direktmandat Im Rat seit: 2025 Geboren wurde ich&nbsp;1975 in Bonn, bin&nbsp;verheiratet und Vater einer Tochter.&nbsp; Ich lebe [&hellip;]<\/p>\n","protected":false},"author":1,"featured_media":0,"parent":0,"menu_order":0,"comment_status":"closed","ping_status":"closed","template":"","meta":{"ocean_post_layout":"full-screen","ocean_both_sidebars_style":"","ocean_both_sidebars_content_width":0,"ocean_both_sidebars_sidebars_width":0,"ocean_sidebar":"","ocean_second_sidebar":"","ocean_disable_margins":"enable","ocean_add_body_class":"","ocean_shortcode_before_top_bar":"","ocean_shortcode_after_top_bar":"","ocean_shortcode_before_header":"","ocean_shortcode_after_header":"","ocean_has_shortcode":"","ocean_shortcode_after_title":"","ocean_shortcode_before_footer_widgets":"","ocean_shortcode_after_footer_widgets":"","ocean_shortcode_before_footer_bottom":"","ocean_shortcode_after_footer_bottom":"","ocean_display_top_bar":"off","ocean_display_header":"default","ocean_header_style":"","ocean_center_header_left_menu":"","ocean_custom_header_template":"","ocean_custom_logo":0,"ocean_custom_retina_logo":0,"ocean_custom_logo_max_width":0,"ocean_custom_logo_tablet_max_width":0,"ocean_custom_logo_mobile_max_width":0,"ocean_custom_logo_max_height":0,"ocean_custom_logo_tablet_max_height":0,"ocean_custom_logo_mobile_max_height":0,"ocean_header_custom_menu":"","ocean_menu_typo_font_family":"","ocean_menu_typo_font_subset":"","ocean_menu_typo_font_size":0,"ocean_menu_typo_font_size_tablet":0,"ocean_menu_typo_font_size_mobile":0,"ocean_menu_typo_font_size_unit":"px","ocean_menu_typo_font_weight":"","ocean_menu_typo_font_weight_tablet":"","ocean_menu_typo_font_weight_mobile":"","ocean_menu_typo_transform":"","ocean_menu_typo_transform_tablet":"","ocean_menu_typo_transform_mobile":"","ocean_menu_typo_line_height":0,"ocean_menu_typo_line_height_tablet":0,"ocean_menu_typo_line_height_mobile":0,"ocean_menu_typo_line_height_unit":"","ocean_menu_typo_spacing":0,"ocean_menu_typo_spacing_tablet":0,"ocean_menu_typo_spacing_mobile":0,"ocean_menu_typo_spacing_unit":"","ocean_menu_link_color":"","ocean_menu_link_color_hover":"","ocean_menu_link_color_active":"","ocean_menu_link_background":"","ocean_menu_link_hover_background":"","ocean_menu_link_active_background":"","ocean_menu_social_links_bg":"","ocean_menu_social_hover_links_bg":"","ocean_menu_social_links_color":"","ocean_menu_social_hover_links_color":"","ocean_disable_title":"on","ocean_disable_heading":"default","ocean_post_title":"","ocean_post_subheading":"","ocean_post_title_style":"","ocean_post_title_background_color":"","ocean_post_title_background":0,"ocean_post_title_bg_image_position":"","ocean_post_title_bg_image_attachment":"","ocean_post_title_bg_image_repeat":"","ocean_post_title_bg_image_size":"","ocean_post_title_height":0,"ocean_post_title_bg_overlay":0.5,"ocean_post_title_bg_overlay_color":"","ocean_disable_breadcrumbs":"default","ocean_breadcrumbs_color":"","ocean_breadcrumbs_separator_color":"","ocean_breadcrumbs_links_color":"","ocean_breadcrumbs_links_hover_color":"","ocean_display_footer_widgets":"off","ocean_display_footer_bottom":"default","ocean_custom_footer_template":"","footnotes":""},"categories":[],"tags":[],"class_list":["post-2226","page","type-page","status-publish","hentry","entry"],"_links":{"self":[{"href":"https:\/\/wi-ndk.de\/index.php?rest_route=\/wp\/v2\/pages\/2226","targetHints":{"allow":["GET"]}}],"collection":[{"href":"https:\/\/wi-ndk.de\/index.php?rest_route=\/wp\/v2\/pages"}],"about":[{"href":"https:\/\/wi-ndk.de\/index.php?rest_route=\/wp\/v2\/types\/page"}],"author":[{"embeddable":true,"href":"https:\/\/wi-ndk.de\/index.php?rest_route=\/wp\/v2\/users\/1"}],"replies":[{"embeddable":true,"href":"https:\/\/wi-ndk.de\/index.php?rest_route=%2Fwp%2Fv2%2Fcomments&post=2226"}],"version-history":[{"count":10,"href":"https:\/\/wi-ndk.de\/index.php?rest_route=\/wp\/v2\/pages\/2226\/revisions"}],"predecessor-version":[{"id":2250,"href":"https:\/\/wi-ndk.de\/index.php?rest_route=\/wp\/v2\/pages\/2226\/revisions\/2250"}],"wp:attachment":[{"href":"https:\/\/wi-ndk.de\/index.php?rest_route=%2Fwp%2Fv2%2Fmedia&parent=2226"}],"wp:term":[{"taxonomy":"category","embeddable":true,"href":"https:\/\/wi-ndk.de\/index.php?rest_route=%2Fwp%2Fv2%2Fcategories&post=2226"},{"taxonomy":"post_tag","embeddable":true,"href":"https:\/\/wi-ndk.de\/index.php?rest_route=%2Fwp%2Fv2%2Ftags&post=2226"}],"curies":[{"name":"wp","href":"https:\/\/api.w.org\/{rel}","templated":true}]}}