{"id":2121,"date":"2026-03-09T12:35:49","date_gmt":"2026-03-09T12:35:49","guid":{"rendered":"https:\/\/wi-ndk.de\/?page_id=2121"},"modified":"2026-03-16T13:25:48","modified_gmt":"2026-03-16T13:25:48","slug":"fraktion-erberich","status":"publish","type":"page","link":"https:\/\/wi-ndk.de\/?page_id=2121","title":{"rendered":"Fraktion-Erberich"},"content":{"rendered":"\t\t<div data-elementor-type=\"wp-page\" data-elementor-id=\"2121\" class=\"elementor elementor-2121\">\n\t\t\t\t<div class=\"elementor-element elementor-element-c2ec290 e-flex e-con-boxed e-con e-parent\" data-id=\"c2ec290\" data-element_type=\"container\" data-e-type=\"container\">\n\t\t\t\t\t<div class=\"e-con-inner\">\n\t\t<div class=\"elementor-element elementor-element-e802f49 e-con-full e-flex e-con e-child\" data-id=\"e802f49\" data-element_type=\"container\" data-e-type=\"container\">\n\t\t\t\t<div class=\"elementor-element elementor-element-9cc80da elementor-widget elementor-widget-image\" data-id=\"9cc80da\" data-element_type=\"widget\" data-e-type=\"widget\" data-widget_type=\"image.default\">\n\t\t\t\t<div class=\"elementor-widget-container\">\n\t\t\t\t\t\t\t\t\t\t\t\t\t\t\t<img fetchpriority=\"high\" decoding=\"async\" width=\"225\" height=\"300\" src=\"https:\/\/wi-ndk.de\/wp-content\/uploads\/2025\/10\/Win1-9-225x300.jpg\" class=\"attachment-medium size-medium wp-image-1986\" alt=\"\" srcset=\"https:\/\/wi-ndk.de\/wp-content\/uploads\/2025\/10\/Win1-9-225x300.jpg 225w, https:\/\/wi-ndk.de\/wp-content\/uploads\/2025\/10\/Win1-9-768x1024.jpg 768w, https:\/\/wi-ndk.de\/wp-content\/uploads\/2025\/10\/Win1-9-1152x1536.jpg 1152w, https:\/\/wi-ndk.de\/wp-content\/uploads\/2025\/10\/Win1-9-1535x2048.jpg 1535w, https:\/\/wi-ndk.de\/wp-content\/uploads\/2025\/10\/Win1-9-scaled.jpg 1919w\" sizes=\"(max-width: 225px) 100vw, 225px\" \/>\t\t\t\t\t\t\t\t\t\t\t\t\t\t\t<\/div>\n\t\t\t\t<\/div>\n\t\t\t\t<div class=\"elementor-element elementor-element-d672b84 elementor-widget elementor-widget-text-editor\" data-id=\"d672b84\" data-element_type=\"widget\" data-e-type=\"widget\" data-widget_type=\"text-editor.default\">\n\t\t\t\t<div class=\"elementor-widget-container\">\n\t\t\t\t\t\t\t\t\t<h1 style=\"font-variant-ligatures: normal; font-variant-caps: normal; font-family: Roboto, sans-serif; font-style: normal; text-align: center;\">Detlef Erberich<\/h1><hr style=\"background-color: #eee1d0; font-size: 14px; font-weight: 400; text-align: start;\" \/><p style=\"font-variant-ligatures: normal; font-variant-caps: normal; font-family: Roboto, sans-serif; font-size: 14px; font-style: normal; font-weight: 400; color: #524231; text-align: center;\">Ratsmitglied f\u00fcr die WIN<\/p><p style=\"font-variant-ligatures: normal; font-variant-caps: normal; font-family: Roboto, sans-serif; font-size: 14px; font-style: normal; font-weight: 400; color: #524231; text-align: center;\">Wahlkreis 50 &#8211; Niederkassel Ranzel<\/p><p style=\"font-variant-ligatures: normal; font-variant-caps: normal; font-family: Roboto, sans-serif; font-size: 14px; font-style: normal; font-weight: 400; color: #524231; text-align: center;\">Mandat: \u00fcber Reserveliste<\/p><p style=\"font-variant-ligatures: normal; font-variant-caps: normal; font-family: Roboto, sans-serif; font-size: 14px; font-style: normal; font-weight: 400; color: #524231; text-align: center;\">Im Rat seit: 2025<\/p>\t\t\t\t\t\t\t\t<\/div>\n\t\t\t\t<\/div>\n\t\t\t\t<\/div>\n\t\t<div class=\"elementor-element elementor-element-7791e32 e-con-full e-flex e-con e-child\" data-id=\"7791e32\" data-element_type=\"container\" data-e-type=\"container\">\n\t\t\t\t<div class=\"elementor-element elementor-element-7669b9e elementor-widget elementor-widget-text-editor\" data-id=\"7669b9e\" data-element_type=\"widget\" data-e-type=\"widget\" data-widget_type=\"text-editor.default\">\n\t\t\t\t<div class=\"elementor-widget-container\">\n\t\t\t\t\t\t\t\t\t<p class=\"MsoNormal\">Ich bin gl\u00fccklich verheiratet habe zwei T\u00f6chter sowie 2\nEnkelinnen. Unsere ganze Familie ist seit Jahrzehnten in Niederkassel\nverwurzelt und sozial engagiert.<o:p><\/o:p><\/p><p class=\"MsoNormal\">In meinem Beruf habe ich die Leitung von komplexen Projekten\njahrelang positiv ins Ziel gef\u00fchrt. Dies m\u00f6chte ich in unserem Niederkassel\nauch erfolgreich umsetzen.<o:p><\/o:p><\/p><p class=\"MsoNormal\">F\u00fcr eine lebenswerte und b\u00fcrgerorientierte&nbsp;Heimat.<o:p><\/o:p><\/p><p class=\"MsoNormal\"><o:p>&nbsp;<\/o:p><\/p><h2>Mitglied in folgenden Aussch\u00fcssen:<o:p><\/o:p><\/h2><ul style=\"margin-top:0cm\" type=\"disc\">\n <li class=\"MsoNormal\">Ausschuss\n     f\u00fcr Bauen und Verkehr<o:p><\/o:p><\/li>\n <li class=\"MsoNormal\">Ausschuss\n     f\u00fcr Stadtentwicklung, Planung und Umwelt<o:p><\/o:p><\/li>\n <li class=\"MsoNormal\">Ausschuss\n     f\u00fcr Schule, Kultur, Sport und Soziales<o:p><\/o:p><\/li>\n <li class=\"MsoNormal\">zus\u00e4tzlich\n     Verbandsversammlung CHS<o:p><\/o:p><\/li>\n<\/ul><p class=\"MsoNormal\"><o:p>&nbsp;<\/o:p><\/p><h2>Warum diese Aussch\u00fcsse?<o:p><\/o:p><\/h2><p class=\"MsoNormal\">Ich habe mich f\u00fcr diese Aussch\u00fcsse entschieden, weil es hier\ndirekt um die Anliegen der B\u00fcrger geht und ich besonders etwas f\u00fcr die\nWeiterentwicklung und das Wohlbefinden in unserer Stadt bewirken kann.<br>\nDadurch das ich mich schon fr\u00fcher im Kopernikus-Gymnasium engagiert habe und\nich beruflich mit Planung und Entwicklung besch\u00e4ftigt war, war die Wahl dieser\nAussch\u00fcsse nur folgerichtig um meine St\u00e4rken f\u00fcr die Stadt einzubringen.<o:p><\/o:p><\/p><p class=\"MsoNormal\"><o:p>&nbsp;<\/o:p><\/p><h2>Daf\u00fcr setze ich mich besonders ein:<o:p><\/o:p><\/h2><p class=\"MsoNormal\">Meine Schwerpunkte sehe ich in der Weiterentwicklung unserer\nStadt f\u00fcr unsere n\u00e4chsten Generationen, damit Sie in einem lebenswerten Umfeld\naufwachsen und leben k\u00f6nnen.<o:p><\/o:p><\/p><p class=\"MsoNormal\"><o:p>&nbsp;<\/o:p><\/p><h2>Was mir in meinem Wahlkreis besonders wichtig ist:<o:p><\/o:p><\/h2><p class=\"MsoNormal\">Ranzel soll sich weiter als attraktive Einkaufsmitte unserer\nStadt entwickeln. <br>\nSo dass mehr klein- und Mittelst\u00e4ndiger Einzelhandel hier einen Standort\nfindet.<o:p><\/o:p><\/p><p class=\"MsoNormal\"><o:p>&nbsp;<\/o:p><\/p><h2>Meine Motivation<o:p><\/o:p><\/h2><p class=\"MsoNormal\">\n\n\n\n\n\n\n\n\n\n\n\n\n\n\n\n\n\n\n\n\n\n\n\n\n\n\n\n\n\n\n\n\n\n<\/p><p class=\"MsoNormal\">Das mir die B\u00fcrger aus meinem Heimatort Ranzel ihr Vertrauen\ngeschenkt haben befl\u00fcgelt mich unsere Stadt und Ranzel weiter voranzubringen.<o:p><\/o:p><\/p>\t\t\t\t\t\t\t\t<\/div>\n\t\t\t\t<\/div>\n\t\t\t\t<\/div>\n\t\t\t\t\t<\/div>\n\t\t\t\t<\/div>\n\t\t\t\t<\/div>\n\t\t","protected":false},"excerpt":{"rendered":"<p>Detlef Erberich Ratsmitglied f\u00fcr die WIN Wahlkreis 50 &#8211; Niederkassel Ranzel Mandat: \u00fcber Reserveliste Im Rat seit: 2025 Ich bin gl\u00fccklich verheiratet habe zwei T\u00f6chter sowie 2 Enkelinnen. Unsere ganze [&hellip;]<\/p>\n","protected":false},"author":1,"featured_media":0,"parent":0,"menu_order":0,"comment_status":"closed","ping_status":"closed","template":"","meta":{"ocean_post_layout":"full-screen","ocean_both_sidebars_style":"","ocean_both_sidebars_content_width":0,"ocean_both_sidebars_sidebars_width":0,"ocean_sidebar":"","ocean_second_sidebar":"","ocean_disable_margins":"enable","ocean_add_body_class":"","ocean_shortcode_before_top_bar":"","ocean_shortcode_after_top_bar":"","ocean_shortcode_before_header":"","ocean_shortcode_after_header":"","ocean_has_shortcode":"","ocean_shortcode_after_title":"","ocean_shortcode_before_footer_widgets":"","ocean_shortcode_after_footer_widgets":"","ocean_shortcode_before_footer_bottom":"","ocean_shortcode_after_footer_bottom":"","ocean_display_top_bar":"off","ocean_display_header":"default","ocean_header_style":"","ocean_center_header_left_menu":"","ocean_custom_header_template":"","ocean_custom_logo":0,"ocean_custom_retina_logo":0,"ocean_custom_logo_max_width":0,"ocean_custom_logo_tablet_max_width":0,"ocean_custom_logo_mobile_max_width":0,"ocean_custom_logo_max_height":0,"ocean_custom_logo_tablet_max_height":0,"ocean_custom_logo_mobile_max_height":0,"ocean_header_custom_menu":"","ocean_menu_typo_font_family":"","ocean_menu_typo_font_subset":"","ocean_menu_typo_font_size":0,"ocean_menu_typo_font_size_tablet":0,"ocean_menu_typo_font_size_mobile":0,"ocean_menu_typo_font_size_unit":"px","ocean_menu_typo_font_weight":"","ocean_menu_typo_font_weight_tablet":"","ocean_menu_typo_font_weight_mobile":"","ocean_menu_typo_transform":"","ocean_menu_typo_transform_tablet":"","ocean_menu_typo_transform_mobile":"","ocean_menu_typo_line_height":0,"ocean_menu_typo_line_height_tablet":0,"ocean_menu_typo_line_height_mobile":0,"ocean_menu_typo_line_height_unit":"","ocean_menu_typo_spacing":0,"ocean_menu_typo_spacing_tablet":0,"ocean_menu_typo_spacing_mobile":0,"ocean_menu_typo_spacing_unit":"","ocean_menu_link_color":"","ocean_menu_link_color_hover":"","ocean_menu_link_color_active":"","ocean_menu_link_background":"","ocean_menu_link_hover_background":"","ocean_menu_link_active_background":"","ocean_menu_social_links_bg":"","ocean_menu_social_hover_links_bg":"","ocean_menu_social_links_color":"","ocean_menu_social_hover_links_color":"","ocean_disable_title":"on","ocean_disable_heading":"default","ocean_post_title":"","ocean_post_subheading":"","ocean_post_title_style":"","ocean_post_title_background_color":"","ocean_post_title_background":0,"ocean_post_title_bg_image_position":"","ocean_post_title_bg_image_attachment":"","ocean_post_title_bg_image_repeat":"","ocean_post_title_bg_image_size":"","ocean_post_title_height":0,"ocean_post_title_bg_overlay":0.5,"ocean_post_title_bg_overlay_color":"","ocean_disable_breadcrumbs":"default","ocean_breadcrumbs_color":"","ocean_breadcrumbs_separator_color":"","ocean_breadcrumbs_links_color":"","ocean_breadcrumbs_links_hover_color":"","ocean_display_footer_widgets":"off","ocean_display_footer_bottom":"default","ocean_custom_footer_template":"","footnotes":""},"categories":[],"tags":[],"class_list":["post-2121","page","type-page","status-publish","hentry","entry"],"_links":{"self":[{"href":"https:\/\/wi-ndk.de\/index.php?rest_route=\/wp\/v2\/pages\/2121","targetHints":{"allow":["GET"]}}],"collection":[{"href":"https:\/\/wi-ndk.de\/index.php?rest_route=\/wp\/v2\/pages"}],"about":[{"href":"https:\/\/wi-ndk.de\/index.php?rest_route=\/wp\/v2\/types\/page"}],"author":[{"embeddable":true,"href":"https:\/\/wi-ndk.de\/index.php?rest_route=\/wp\/v2\/users\/1"}],"replies":[{"embeddable":true,"href":"https:\/\/wi-ndk.de\/index.php?rest_route=%2Fwp%2Fv2%2Fcomments&post=2121"}],"version-history":[{"count":10,"href":"https:\/\/wi-ndk.de\/index.php?rest_route=\/wp\/v2\/pages\/2121\/revisions"}],"predecessor-version":[{"id":2199,"href":"https:\/\/wi-ndk.de\/index.php?rest_route=\/wp\/v2\/pages\/2121\/revisions\/2199"}],"wp:attachment":[{"href":"https:\/\/wi-ndk.de\/index.php?rest_route=%2Fwp%2Fv2%2Fmedia&parent=2121"}],"wp:term":[{"taxonomy":"category","embeddable":true,"href":"https:\/\/wi-ndk.de\/index.php?rest_route=%2Fwp%2Fv2%2Fcategories&post=2121"},{"taxonomy":"post_tag","embeddable":true,"href":"https:\/\/wi-ndk.de\/index.php?rest_route=%2Fwp%2Fv2%2Ftags&post=2121"}],"curies":[{"name":"wp","href":"https:\/\/api.w.org\/{rel}","templated":true}]}}