{"id":1533,"date":"2025-08-10T23:21:35","date_gmt":"2025-08-10T23:21:35","guid":{"rendered":"https:\/\/wi-ndk.de\/?page_id=1533"},"modified":"2025-08-11T21:34:18","modified_gmt":"2025-08-11T21:34:18","slug":"wk110","status":"publish","type":"page","link":"https:\/\/wi-ndk.de\/?page_id=1533","title":{"rendered":"WK110"},"content":{"rendered":"\t\t<div data-elementor-type=\"wp-page\" data-elementor-id=\"1533\" class=\"elementor elementor-1533\">\n\t\t\t\t<div class=\"elementor-element elementor-element-4eb3c59 e-flex e-con-boxed e-con e-parent\" data-id=\"4eb3c59\" data-element_type=\"container\" data-e-type=\"container\">\n\t\t\t\t\t<div class=\"e-con-inner\">\n\t\t<div class=\"elementor-element elementor-element-750b549 e-con-full e-flex e-con e-child\" data-id=\"750b549\" data-element_type=\"container\" data-e-type=\"container\">\n\t\t<div class=\"elementor-element elementor-element-e429335 e-con-full e-flex e-con e-child\" data-id=\"e429335\" data-element_type=\"container\" data-e-type=\"container\">\n\t\t\t\t<div class=\"elementor-element elementor-element-4d37f7b elementor-widget elementor-widget-image\" data-id=\"4d37f7b\" data-element_type=\"widget\" data-e-type=\"widget\" data-widget_type=\"image.default\">\n\t\t\t\t<div class=\"elementor-widget-container\">\n\t\t\t\t\t\t\t\t\t\t\t\t\t\t\t<img decoding=\"async\" src=\"https:\/\/wi-ndk.de\/wp-content\/uploads\/2025\/08\/110.jpg\" title=\"110\" alt=\"110\" loading=\"lazy\" \/>\t\t\t\t\t\t\t\t\t\t\t\t\t\t\t<\/div>\n\t\t\t\t<\/div>\n\t\t\t\t<div class=\"elementor-element elementor-element-7bff37a elementor-widget elementor-widget-text-editor\" data-id=\"7bff37a\" data-element_type=\"widget\" data-e-type=\"widget\" data-widget_type=\"text-editor.default\">\n\t\t\t\t<div class=\"elementor-widget-container\">\n\t\t\t\t\t\t\t\t\t<h1 style=\"text-align: center;\">Samira Friedrich<\/h1><hr \/><h3 style=\"text-align: center;\">Wahlbezirk 110<br \/>Niederkassel-Rheidt<\/h3><div>\u00a0<\/div>\t\t\t\t\t\t\t\t<\/div>\n\t\t\t\t<\/div>\n\t\t\t\t<\/div>\n\t\t<div class=\"elementor-element elementor-element-93d49b4 e-con-full e-flex e-con e-child\" data-id=\"93d49b4\" data-element_type=\"container\" data-e-type=\"container\">\n\t\t\t\t<div class=\"elementor-element elementor-element-103b9bf elementor-widget elementor-widget-text-editor\" data-id=\"103b9bf\" data-element_type=\"widget\" data-e-type=\"widget\" data-widget_type=\"text-editor.default\">\n\t\t\t\t<div class=\"elementor-widget-container\">\n\t\t\t\t\t\t\t\t\t<h4>Familie, Gemeinschaft, Teilhabe.<\/h4><h4>Mein Name ist Samira Friedrich, ich bin 31 Jahre jung und Mutter eines vierj\u00e4hrigen Sohnes. Ich bin in Niederkassel-Rheidt aufgewachsen und lebe mit meinem Partner und meinem Sohn zusammen. F\u00fcr uns und unsere Kinder ist Niederkassel nicht nur ein Wohnort \u2013 sondern unser Zuhause. Hier leben wir gerne, hier wollen wir bleiben.<\/h4><h4>Beruflich bin ich seit Mitte 2024 im \u00f6ffentlichen Dienst in einem internationalen Arbeitsbereich t\u00e4tig und arbeite nebenberuflich im Bereich Datenerfassung und -verarbeitung.<\/h4><h4>Pers\u00f6nlich engagiere ich mich seit 2023 als Mitglied des Jugendamts-Elternbeirats der Stadt Niederkassel f\u00fcr die Belange und Themen von Kindern und Eltern. In der Kita meines Sohnes bin ich im Elternbeirat vertreten und habe 2022 einen F\u00f6rderverein mit gegr\u00fcndet. Ich m\u00f6chte dabei unterst\u00fctzen, Kinder und Familien zu f\u00f6rdern und zu entlasten. Zudem bin ich aktives Mitglied im Versch\u00f6nerungsverein Rheidt \u2013 seit diesem Jahr auch als Mitglied des Vorstands.<\/h4><h4>Ich kandidiere f\u00fcr den Stadtrat, weil mir Niederkassel am Herzen liegt. Ich m\u00f6chte, dass unsere Stadt wieder attraktiver f\u00fcr Familien wird und dass die F\u00f6rderung und Angebote f\u00fcr Kinder und Jugendliche den Stellenwert bekommen, den sie verdienen. Bildung, Freizeit, Sport und unser Brauchtum sind f\u00fcr mich wichtige Bestandteile einer lebendigen Stadt.<\/h4><h4>Mir ist wichtig, die Gemeinschaft zu st\u00e4rken \u2013 \u00fcber alle Generationen hinweg. Dabei sollen B\u00fcrgerinnen und B\u00fcrger echte Transparenz erleben und die M\u00f6glichkeit haben, bei Entscheidungen mitzuwirken, wenn sie es m\u00f6chten. Denn nur so entsteht gelebte Demokratie.<\/h4><h4>Gemeinsam k\u00f6nnen wir Niederkassel gestalten. Lebendig, familienfreundlich, zukunftssicher. Geben wir unserer Gemeinschaft eine starke Stimme \u2013 Ihre Stimme f\u00fcr mich am 14. September bei der Kommunalwahl. F\u00fcr Niederkassel,\u00a0f\u00fcr\u00a0uns\u00a0alle!<\/h4>\t\t\t\t\t\t\t\t<\/div>\n\t\t\t\t<\/div>\n\t\t\t\t<\/div>\n\t\t\t\t<\/div>\n\t\t\t\t\t<\/div>\n\t\t\t\t<\/div>\n\t\t\t\t<\/div>\n\t\t","protected":false},"excerpt":{"rendered":"<p>Samira Friedrich Wahlbezirk 110Niederkassel-Rheidt \u00a0 Familie, Gemeinschaft, Teilhabe. Mein Name ist Samira Friedrich, ich bin 31 Jahre jung und Mutter eines vierj\u00e4hrigen Sohnes. Ich bin in Niederkassel-Rheidt aufgewachsen und lebe [&hellip;]<\/p>\n","protected":false},"author":1,"featured_media":0,"parent":0,"menu_order":0,"comment_status":"closed","ping_status":"closed","template":"","meta":{"ocean_post_layout":"full-screen","ocean_both_sidebars_style":"","ocean_both_sidebars_content_width":0,"ocean_both_sidebars_sidebars_width":0,"ocean_sidebar":"","ocean_second_sidebar":"","ocean_disable_margins":"enable","ocean_add_body_class":"","ocean_shortcode_before_top_bar":"","ocean_shortcode_after_top_bar":"","ocean_shortcode_before_header":"","ocean_shortcode_after_header":"","ocean_has_shortcode":"","ocean_shortcode_after_title":"","ocean_shortcode_before_footer_widgets":"","ocean_shortcode_after_footer_widgets":"","ocean_shortcode_before_footer_bottom":"","ocean_shortcode_after_footer_bottom":"","ocean_display_top_bar":"off","ocean_display_header":"default","ocean_header_style":"","ocean_center_header_left_menu":"","ocean_custom_header_template":"","ocean_custom_logo":0,"ocean_custom_retina_logo":0,"ocean_custom_logo_max_width":0,"ocean_custom_logo_tablet_max_width":0,"ocean_custom_logo_mobile_max_width":0,"ocean_custom_logo_max_height":0,"ocean_custom_logo_tablet_max_height":0,"ocean_custom_logo_mobile_max_height":0,"ocean_header_custom_menu":"","ocean_menu_typo_font_family":"","ocean_menu_typo_font_subset":"","ocean_menu_typo_font_size":0,"ocean_menu_typo_font_size_tablet":0,"ocean_menu_typo_font_size_mobile":0,"ocean_menu_typo_font_size_unit":"px","ocean_menu_typo_font_weight":"","ocean_menu_typo_font_weight_tablet":"","ocean_menu_typo_font_weight_mobile":"","ocean_menu_typo_transform":"","ocean_menu_typo_transform_tablet":"","ocean_menu_typo_transform_mobile":"","ocean_menu_typo_line_height":0,"ocean_menu_typo_line_height_tablet":0,"ocean_menu_typo_line_height_mobile":0,"ocean_menu_typo_line_height_unit":"","ocean_menu_typo_spacing":0,"ocean_menu_typo_spacing_tablet":0,"ocean_menu_typo_spacing_mobile":0,"ocean_menu_typo_spacing_unit":"","ocean_menu_link_color":"","ocean_menu_link_color_hover":"","ocean_menu_link_color_active":"","ocean_menu_link_background":"","ocean_menu_link_hover_background":"","ocean_menu_link_active_background":"","ocean_menu_social_links_bg":"","ocean_menu_social_hover_links_bg":"","ocean_menu_social_links_color":"","ocean_menu_social_hover_links_color":"","ocean_disable_title":"on","ocean_disable_heading":"default","ocean_post_title":"","ocean_post_subheading":"","ocean_post_title_style":"","ocean_post_title_background_color":"","ocean_post_title_background":0,"ocean_post_title_bg_image_position":"","ocean_post_title_bg_image_attachment":"","ocean_post_title_bg_image_repeat":"","ocean_post_title_bg_image_size":"","ocean_post_title_height":0,"ocean_post_title_bg_overlay":0.5,"ocean_post_title_bg_overlay_color":"","ocean_disable_breadcrumbs":"default","ocean_breadcrumbs_color":"","ocean_breadcrumbs_separator_color":"","ocean_breadcrumbs_links_color":"","ocean_breadcrumbs_links_hover_color":"","ocean_display_footer_widgets":"off","ocean_display_footer_bottom":"on","ocean_custom_footer_template":"","footnotes":""},"categories":[],"tags":[],"class_list":["post-1533","page","type-page","status-publish","hentry","entry"],"_links":{"self":[{"href":"https:\/\/wi-ndk.de\/index.php?rest_route=\/wp\/v2\/pages\/1533","targetHints":{"allow":["GET"]}}],"collection":[{"href":"https:\/\/wi-ndk.de\/index.php?rest_route=\/wp\/v2\/pages"}],"about":[{"href":"https:\/\/wi-ndk.de\/index.php?rest_route=\/wp\/v2\/types\/page"}],"author":[{"embeddable":true,"href":"https:\/\/wi-ndk.de\/index.php?rest_route=\/wp\/v2\/users\/1"}],"replies":[{"embeddable":true,"href":"https:\/\/wi-ndk.de\/index.php?rest_route=%2Fwp%2Fv2%2Fcomments&post=1533"}],"version-history":[{"count":7,"href":"https:\/\/wi-ndk.de\/index.php?rest_route=\/wp\/v2\/pages\/1533\/revisions"}],"predecessor-version":[{"id":1671,"href":"https:\/\/wi-ndk.de\/index.php?rest_route=\/wp\/v2\/pages\/1533\/revisions\/1671"}],"wp:attachment":[{"href":"https:\/\/wi-ndk.de\/index.php?rest_route=%2Fwp%2Fv2%2Fmedia&parent=1533"}],"wp:term":[{"taxonomy":"category","embeddable":true,"href":"https:\/\/wi-ndk.de\/index.php?rest_route=%2Fwp%2Fv2%2Fcategories&post=1533"},{"taxonomy":"post_tag","embeddable":true,"href":"https:\/\/wi-ndk.de\/index.php?rest_route=%2Fwp%2Fv2%2Ftags&post=1533"}],"curies":[{"name":"wp","href":"https:\/\/api.w.org\/{rel}","templated":true}]}}